{"id":163,"date":"2019-05-03T16:20:57","date_gmt":"2019-05-03T14:20:57","guid":{"rendered":"https:\/\/www.natucer.es\/magazine\/?page_id=163"},"modified":"2020-12-01T16:40:10","modified_gmt":"2020-12-01T15:40:10","slug":"politica-de-cookies","status":"publish","type":"page","link":"https:\/\/www.natucer.es\/magazine\/es\/politica-de-cookies\/","title":{"rendered":"POL\u00cdTICA DE COOKIES"},"content":{"rendered":"\n<h2 class=\"has-text-align-center wp-block-heading\">EL USO DE LAS COOKIES<\/h2>\n\n\n\n<p><strong>POL\u00cdTICA DE COOKIES<\/strong><\/p>\n\n\n\n<p>Cookie es un\nfichero que se descarga en su ordenador al acceder a determinadas p\u00e1ginas web.\nLas cookies permiten a una p\u00e1gina web, entre otras cosas, almacenar y recuperar\ninformaci\u00f3n sobre los h\u00e1bitos de navegaci\u00f3n de un usuario o de su equipo y,\ndependiendo de la informaci\u00f3n que contengan y de la forma en que utilice su\nequipo, pueden utilizarse para reconocer al usuario. El navegador del usuario\nmemoriza cookies en el disco duro solamente durante la sesi\u00f3n actual ocupando\nun espacio de memoria m\u00ednimo y no perjudicando al ordenador. Las cookies no\ncontienen ninguna clase de informaci\u00f3n personal espec\u00edfica, y la mayor\u00eda de las\nmismas se borran del disco duro al finalizar la sesi\u00f3n de navegador (las\ndenominadas cookies de sesi\u00f3n).<\/p>\n\n\n\n<p>La mayor\u00eda de\nlos navegadores aceptan como est\u00e1ndar a las cookies y, con independencia de las\nmismas, permiten o impiden en los ajustes de seguridad las cookies temporales o\nmemorizadas.<\/p>\n\n\n\n<p>Sin su expreso\nconsentimiento \u2013mediante la activaci\u00f3n de las cookies en su navegador no\nenlazar\u00e1 en las cookies los datos memorizados con sus datos personales\nproporcionados en el momento del registro o la compra.<\/p>\n\n\n\n<p><strong>\u00bfQu\u00e9 tipos\nde cookies que puede utilizar esta p\u00e1gina web? <\/strong><\/p>\n\n\n\n<p>&#8211; Cookies\nt\u00e9cnicas: Son aqu\u00e9llas que permiten al usuario la navegaci\u00f3n a trav\u00e9s de una\np\u00e1gina web, plataforma o aplicaci\u00f3n y la utilizaci\u00f3n de las diferentes opciones\no servicios que en ella existan como, por ejemplo, controlar el tr\u00e1fico y la\ncomunicaci\u00f3n de datos, identificar la sesi\u00f3n, acceder a partes de acceso\nrestringido, recordar los elementos que integran un pedido, realizar el proceso\nde compra de un pedido, realizar la solicitud de inscripci\u00f3n o participaci\u00f3n en\nun evento, utilizar elementos de seguridad durante la navegaci\u00f3n, almacenar\ncontenidos para la difusi\u00f3n de videos o sonido o compartir contenidos a trav\u00e9s\nde redes sociales. <\/p>\n\n\n\n<p>En\neste caso Google Analytics. Estas cookies permiten que nuestros sitios web\nrecuerden informaci\u00f3n que cambia el aspecto o el comportamiento del sitio web<\/p>\n\n\n\n<p>&#8211; Cookies de\npersonalizaci\u00f3n: Son aqu\u00e9llas que permiten al usuario acceder al servicio con\nalgunas caracter\u00edsticas de car\u00e1cter general predefinidas en funci\u00f3n de una\nserie de criterios en el terminal del usuario como por ejemplo serian el\nidioma, el tipo de navegador a trav\u00e9s del cual accede al servicio, la\nconfiguraci\u00f3n regional desde donde accede al servicio, etc.<\/p>\n\n\n\n<p>&#8211; Cookies de\nan\u00e1lisis: Son aqu\u00e9llas que bien tratadas por nosotros o por terceros, nos\npermiten cuantificar el n\u00famero de usuarios y as\u00ed realizar la medici\u00f3n y\nan\u00e1lisis estad\u00edstico de la utilizaci\u00f3n que hacen los usuarios del servicio\nofertado. Para ello se analiza su navegaci\u00f3n en nuestra p\u00e1gina web con el fin\nde mejorar la oferta de productos o servicios que le ofrecemos. <\/p>\n\n\n\n<p>&#8211; Cookies\npublicitarias: Son aqu\u00e9llas que, bien tratadas por nosotros o por terceros, nos\npermiten gestionar de la forma m\u00e1s eficaz posible la oferta de los espacios\npublicitarios que hay en la p\u00e1gina web, adecuando el contenido del anuncio al\ncontenido del servicio solicitado o al uso que realice de nuestra p\u00e1gina web.\nPara ello podemos analizar sus h\u00e1bitos de navegaci\u00f3n en Internet y podemos\nmostrarle publicidad relacionada con su perfil de navegaci\u00f3n. <\/p>\n\n\n\n<p>&#8211; Cookies de\npublicidad comportamental: Son aqu\u00e9llas que permiten la gesti\u00f3n, de la forma\nm\u00e1s eficaz posible, de los espacios publicitarios que, en su caso, el editor\nhaya incluido en una p\u00e1gina web, aplicaci\u00f3n o plataforma desde la que presta el\nservicio solicitado. Estas cookies almacenan informaci\u00f3n del comportamiento de\nlos usuarios obtenida a trav\u00e9s de la observaci\u00f3n continuada de sus h\u00e1bitos de\nnavegaci\u00f3n, lo que permite desarrollar un perfil espec\u00edfico para mostrar\npublicidad en funci\u00f3n del mismo.<\/p>\n\n\n\n<p>&#8211; Cookies de\nterceros: La Web puede utilizar&nbsp;servicios de terceros que, por cuenta de\nla p\u00e1gina, recopilaran informaci\u00f3n con fines estad\u00edsticos, de uso del Site por\nparte del usuario y para la prestaci\u00f3n de otros servicios relacionados con la\nactividad del Website y otros servicios de Internet. <\/p>\n\n\n\n<p>En\neste caso utilizamos: Pixel Facebook, esta opci\u00f3n te permite usar funciones de\npublicidad como las audiencias, las conversiones, la segmentaci\u00f3n y la\noptimizaci\u00f3n.<\/p>\n\n\n\n<p>-Cookies de navegador: Mediante el uso de las cookies resulta posible que el servidor donde se encuentra la web, reconozca el navegador web utilizado por el usuario con la finalidad de que la navegaci\u00f3n sea m\u00e1s sencilla, permitiendo, por ejemplo, el acceso a los usuarios que se hayan registrado previamente, acceder a las \u00e1reas, servicios, promociones o concursos reservados exclusivamente a ellos sin tener que registrarse en cada visita. Se utilizan tambi\u00e9n para medir la audiencia y par\u00e1metros del tr\u00e1fico, controlar el progreso y n\u00famero de entradas.<\/p>\n\n\n\n<p><strong>Fines del\ntratamiento de la informaci\u00f3n recabada.<\/strong><\/p>\n\n\n\n<p>En particular,\neste sitio Web solo utiliza cookies t\u00e9cnicas para reconocer las IP de los\nusuarios mientras inician la sesi\u00f3n y permanecen en este site. No se guardan\ndatos de ning\u00fan tipo, ni del usuario ni de sus datos. Por lo tanto no utiliza\ncookies de personalizaci\u00f3n, de an\u00e1lisis, publicitarias, ni de publicidad\ncomportamental.<\/p>\n\n\n\n<p><strong>El Usuario\nacepta expresamente, por la utilizaci\u00f3n de este Site,&nbsp;el tratamiento de la\ninformaci\u00f3n&nbsp;recabada en la forma y con los fines anteriormente\nmencionados.<\/strong> Y asimismo\nreconoce conocer la posibilidad de rechazar el tratamiento de&nbsp;tales datos\no informaci\u00f3n&nbsp;rechazando el uso de Cookies mediante la selecci\u00f3n de la\nconfiguraci\u00f3n apropiada a tal fin en su navegador. Si bien esta opci\u00f3n de\nbloqueo de Cookies en su navegador puede no permitirle el uso pleno de todas\nlas funcionalidades del Website.<\/p>\n\n\n\n<p>Puede usted permitir, bloquear o eliminar las cookies instaladas en su equipo mediante la configuraci\u00f3n de las opciones del navegador instalado en su ordenador:<\/p>\n\n\n\n<p>\u2022 Chrome<br>\u2022 Explorer<br>\u2022 Firefox<br>\u2022 Safari<\/p>\n\n\n\n<p>Si tiene dudas sobre esta pol\u00edtica de cookies, puede contactar con <strong>NATUCER, S.L. <\/strong>&nbsp;en correo electr\u00f3nico: <a href=\"mailto:natucer@natucer.es\">natucer@natucer.es<\/a>.<\/p>\n","protected":false},"excerpt":{"rendered":"<p>EL USO DE LAS COOKIES POL\u00cdTICA DE COOKIES Cookie es un fichero que se descarga en su ordenador al acceder a determinadas p\u00e1ginas web. Las cookies permiten a una p\u00e1gina web, entre otras cosas, almacenar y recuperar informaci\u00f3n sobre los h\u00e1bitos de navegaci\u00f3n de un usuario o de su equipo y, dependiendo de la informaci\u00f3n [&hellip;]<\/p>\n","protected":false},"author":1,"featured_media":0,"parent":0,"menu_order":0,"comment_status":"closed","ping_status":"closed","template":"avisosLegales.php","meta":{"footnotes":""},"class_list":["post-163","page","type-page","status-publish","hentry"],"yoast_head":"<!-- This site is optimized with the Yoast SEO plugin v27.2 - https:\/\/yoast.com\/product\/yoast-seo-wordpress\/ -->\n<title>POL\u00cdTICA DE COOKIES - Magazine<\/title>\n<meta name=\"robots\" content=\"index, follow, max-snippet:-1, max-image-preview:large, max-video-preview:-1\" \/>\n<link rel=\"canonical\" href=\"https:\/\/www.natucer.es\/magazine\/es\/politica-de-cookies\/\" \/>\n<meta property=\"og:locale\" content=\"en_US\" \/>\n<meta property=\"og:type\" content=\"article\" \/>\n<meta property=\"og:title\" content=\"POL\u00cdTICA DE COOKIES - Magazine\" \/>\n<meta property=\"og:description\" content=\"EL USO DE LAS COOKIES POL\u00cdTICA DE COOKIES Cookie es un fichero que se descarga en su ordenador al acceder a determinadas p\u00e1ginas web. Las cookies permiten a una p\u00e1gina web, entre otras cosas, almacenar y recuperar informaci\u00f3n sobre los h\u00e1bitos de navegaci\u00f3n de un usuario o de su equipo y, dependiendo de la informaci\u00f3n [&hellip;]\" \/>\n<meta property=\"og:url\" content=\"https:\/\/www.natucer.es\/magazine\/es\/politica-de-cookies\/\" \/>\n<meta property=\"og:site_name\" content=\"Magazine\" \/>\n<meta property=\"article:publisher\" content=\"https:\/\/www.facebook.com\/natucerceramica\" \/>\n<meta property=\"article:modified_time\" content=\"2020-12-01T15:40:10+00:00\" \/>\n<meta name=\"twitter:card\" content=\"summary_large_image\" \/>\n<meta name=\"twitter:site\" content=\"@natuceronda\" \/>\n<meta name=\"twitter:label1\" content=\"Est. reading time\" \/>\n\t<meta name=\"twitter:data1\" content=\"5 minutes\" \/>\n<script type=\"application\/ld+json\" class=\"yoast-schema-graph\">{\"@context\":\"https:\/\/schema.org\",\"@graph\":[{\"@type\":\"WebPage\",\"@id\":\"https:\/\/www.natucer.es\/magazine\/es\/politica-de-cookies\/\",\"url\":\"https:\/\/www.natucer.es\/magazine\/es\/politica-de-cookies\/\",\"name\":\"POL\u00cdTICA DE COOKIES - Magazine\",\"isPartOf\":{\"@id\":\"https:\/\/www.natucer.es\/magazine\/#website\"},\"datePublished\":\"2019-05-03T14:20:57+00:00\",\"dateModified\":\"2020-12-01T15:40:10+00:00\",\"breadcrumb\":{\"@id\":\"https:\/\/www.natucer.es\/magazine\/es\/politica-de-cookies\/#breadcrumb\"},\"inLanguage\":\"en-US\",\"potentialAction\":[{\"@type\":\"ReadAction\",\"target\":[\"https:\/\/www.natucer.es\/magazine\/es\/politica-de-cookies\/\"]}]},{\"@type\":\"BreadcrumbList\",\"@id\":\"https:\/\/www.natucer.es\/magazine\/es\/politica-de-cookies\/#breadcrumb\",\"itemListElement\":[{\"@type\":\"ListItem\",\"position\":1,\"name\":\"Portada\",\"item\":\"https:\/\/www.natucer.es\/magazine\/en\/\"},{\"@type\":\"ListItem\",\"position\":2,\"name\":\"POL\u00cdTICA DE COOKIES\"}]},{\"@type\":\"WebSite\",\"@id\":\"https:\/\/www.natucer.es\/magazine\/#website\",\"url\":\"https:\/\/www.natucer.es\/magazine\/\",\"name\":\"Magazine\",\"description\":\"Noticias, Tendencias y Novedades\",\"potentialAction\":[{\"@type\":\"SearchAction\",\"target\":{\"@type\":\"EntryPoint\",\"urlTemplate\":\"https:\/\/www.natucer.es\/magazine\/?s={search_term_string}\"},\"query-input\":{\"@type\":\"PropertyValueSpecification\",\"valueRequired\":true,\"valueName\":\"search_term_string\"}}],\"inLanguage\":\"en-US\"}]}<\/script>\n<!-- \/ Yoast SEO plugin. -->","yoast_head_json":{"title":"POL\u00cdTICA DE COOKIES - Magazine","robots":{"index":"index","follow":"follow","max-snippet":"max-snippet:-1","max-image-preview":"max-image-preview:large","max-video-preview":"max-video-preview:-1"},"canonical":"https:\/\/www.natucer.es\/magazine\/es\/politica-de-cookies\/","og_locale":"en_US","og_type":"article","og_title":"POL\u00cdTICA DE COOKIES - Magazine","og_description":"EL USO DE LAS COOKIES POL\u00cdTICA DE COOKIES Cookie es un fichero que se descarga en su ordenador al acceder a determinadas p\u00e1ginas web. Las cookies permiten a una p\u00e1gina web, entre otras cosas, almacenar y recuperar informaci\u00f3n sobre los h\u00e1bitos de navegaci\u00f3n de un usuario o de su equipo y, dependiendo de la informaci\u00f3n [&hellip;]","og_url":"https:\/\/www.natucer.es\/magazine\/es\/politica-de-cookies\/","og_site_name":"Magazine","article_publisher":"https:\/\/www.facebook.com\/natucerceramica","article_modified_time":"2020-12-01T15:40:10+00:00","twitter_card":"summary_large_image","twitter_site":"@natuceronda","twitter_misc":{"Est. reading time":"5 minutes"},"schema":{"@context":"https:\/\/schema.org","@graph":[{"@type":"WebPage","@id":"https:\/\/www.natucer.es\/magazine\/es\/politica-de-cookies\/","url":"https:\/\/www.natucer.es\/magazine\/es\/politica-de-cookies\/","name":"POL\u00cdTICA DE COOKIES - Magazine","isPartOf":{"@id":"https:\/\/www.natucer.es\/magazine\/#website"},"datePublished":"2019-05-03T14:20:57+00:00","dateModified":"2020-12-01T15:40:10+00:00","breadcrumb":{"@id":"https:\/\/www.natucer.es\/magazine\/es\/politica-de-cookies\/#breadcrumb"},"inLanguage":"en-US","potentialAction":[{"@type":"ReadAction","target":["https:\/\/www.natucer.es\/magazine\/es\/politica-de-cookies\/"]}]},{"@type":"BreadcrumbList","@id":"https:\/\/www.natucer.es\/magazine\/es\/politica-de-cookies\/#breadcrumb","itemListElement":[{"@type":"ListItem","position":1,"name":"Portada","item":"https:\/\/www.natucer.es\/magazine\/en\/"},{"@type":"ListItem","position":2,"name":"POL\u00cdTICA DE COOKIES"}]},{"@type":"WebSite","@id":"https:\/\/www.natucer.es\/magazine\/#website","url":"https:\/\/www.natucer.es\/magazine\/","name":"Magazine","description":"Noticias, Tendencias y Novedades","potentialAction":[{"@type":"SearchAction","target":{"@type":"EntryPoint","urlTemplate":"https:\/\/www.natucer.es\/magazine\/?s={search_term_string}"},"query-input":{"@type":"PropertyValueSpecification","valueRequired":true,"valueName":"search_term_string"}}],"inLanguage":"en-US"}]}},"_links":{"self":[{"href":"https:\/\/www.natucer.es\/magazine\/wp-json\/wp\/v2\/pages\/163","targetHints":{"allow":["GET"]}}],"collection":[{"href":"https:\/\/www.natucer.es\/magazine\/wp-json\/wp\/v2\/pages"}],"about":[{"href":"https:\/\/www.natucer.es\/magazine\/wp-json\/wp\/v2\/types\/page"}],"author":[{"embeddable":true,"href":"https:\/\/www.natucer.es\/magazine\/wp-json\/wp\/v2\/users\/1"}],"replies":[{"embeddable":true,"href":"https:\/\/www.natucer.es\/magazine\/wp-json\/wp\/v2\/comments?post=163"}],"version-history":[{"count":2,"href":"https:\/\/www.natucer.es\/magazine\/wp-json\/wp\/v2\/pages\/163\/revisions"}],"predecessor-version":[{"id":2137,"href":"https:\/\/www.natucer.es\/magazine\/wp-json\/wp\/v2\/pages\/163\/revisions\/2137"}],"wp:attachment":[{"href":"https:\/\/www.natucer.es\/magazine\/wp-json\/wp\/v2\/media?parent=163"}],"curies":[{"name":"wp","href":"https:\/\/api.w.org\/{rel}","templated":true}]}}