{"id":158,"date":"2019-05-03T16:17:23","date_gmt":"2019-05-03T14:17:23","guid":{"rendered":"https:\/\/www.natucer.es\/magazine\/?page_id=158"},"modified":"2020-12-01T16:41:06","modified_gmt":"2020-12-01T15:41:06","slug":"aviso-legal","status":"publish","type":"page","link":"https:\/\/www.natucer.es\/magazine\/es\/aviso-legal\/","title":{"rendered":"AVISO LEGAL"},"content":{"rendered":"\n<h2 class=\"has-text-align-center wp-block-heading\">AVISO LEGAL<\/h2>\n\n\n\n<p>Gracias por visitar nuestra web. Esperamos\nque disfrutes navegando por ella y conociendo el detalle de nuestros productos\ny servicios.<\/p>\n\n\n\n<p>Este aviso legal (en adelante, el &#8220;Aviso Legal&#8221;) regula el uso de nuestro portal de Internet (en adelante, el &#8220;Portal&#8221;). Te recomendamos que leas atentamente las presentes condiciones antes de que comiences con su uso. <\/p>\n\n\n\n<p>A continuaci\u00f3n te indicamos los datos de informaci\u00f3n general de nuestro sitio web: <\/p>\n\n\n\n<p>\u2022    Titular: NATUCER, S.L. (en adelante \u201cla empresa\u201d).<br>\u2022    Direcci\u00f3n: Les Forques, n\u00ba 2, 12200 Onda (Castell\u00f3n).<br>\u2022    Informaci\u00f3n de Contacto :<a href=\"mailto:natucer@natucer.es\">natucer@natucer.es<\/a> <br>\u2022    Datos Registrales: <br>\u2022    NIF: B12681060.<\/p>\n\n\n\n<p><strong>1.- Usuarios<\/strong><\/p>\n\n\n\n<p>Debes saber que mediante el acceso y\/o uso del Portal adquieres la condici\u00f3n de usuario, aceptando, desde ese mismo momento sin excepciones, el contenido incluido en este Aviso Legal (\u201cCondiciones Generales\u201d), as\u00ed como las Condiciones Particulares que, en relaci\u00f3n con determinados servicios y contenidos del Portal (\u201cServicios\u201d), complementan, modifican o sustituyen las primeras.<\/p>\n\n\n\n<p>Por ello te recomendamos que antes de utilizar alguno de los Servicios, leas atentamente tanto las Condiciones Generales como, en su caso, las Condiciones Particulares.<\/p>\n\n\n\n<p><strong>2.- Uso del Portal, sus\nservicios y contenidos<\/strong><\/p>\n\n\n\n<p>El uso del Portal de \u201cla empresa\u201d, tiene car\u00e1cter gratuito para ti, sin perjuicio de que determinados servicios exijan que tratemos tu informaci\u00f3n para poder acceder a los mismos, de lo que te informaremos en cada caso. Como usuario te comprometes a:<\/p>\n\n\n\n<p>(i) Facilitar, en caso\nde que para determinados servicios accesibles a trav\u00e9s de nuestro Portal cuando\nsea necesario que cumplimentes un formulario de acceso, informaci\u00f3n veraz y\nmantenerla actualizada en todo momento. No debes de olvidar que ser\u00e1s el \u00fanico\nresponsable de las manifestaciones falsas o inexactas que realices y de los\nperjuicios que, como consecuencia de la informaci\u00f3n facilitada, puedas causar a\n\u201cla empresa\u201d o a terceros.<\/p>\n\n\n\n<p>(ii) Utilizar el Portal y los Servicios sin contravenir lo dispuesto en las presentes Condiciones Generales y aquellas otras Condiciones Particulares que lo regulen as\u00ed como la legislaci\u00f3n vigente, la buena fe, los usos generalmente aceptados y el orden p\u00fablico.<\/p>\n\n\n\n<p>(iii) No utilizar el\nPortal o sus Servicios con fines il\u00edcitos o que puedan ocasionar un da\u00f1o a \u201cla\nempresa\u201d o cualquier tercero, o que, de cualquier forma, puedan causar\nperjuicio o impedir el normal funcionamiento de los mismos.<\/p>\n\n\n\n<p>Te informamos que est\u00e1n prohibidos una serie de actos en relaci\u00f3n con los contenidos del Portal, tales como informaciones, textos, gr\u00e1ficos, archivos de sonido y\/o imagen, fotograf\u00edas, dise\u00f1os, o cualquier otro (\u201cContenidos\u201d) que a continuaci\u00f3n te indicamos:<\/p>\n\n\n\n<p>\u2022 Su reproducci\u00f3n, copia, distribuci\u00f3n, difusi\u00f3n, comunicaci\u00f3n p\u00fablica, transformaci\u00f3n o modificaci\u00f3n, a menos que se cuente con la autorizaci\u00f3n de sus leg\u00edtimos titulares o resulte legalmente permitido.<br> \u2022 Cualquier vulneraci\u00f3n de los derechos de \u201cla empresa\u201d o de sus leg\u00edtimos titulares sobre los mismos.<br> \u2022 Su utilizaci\u00f3n para todo tipo de fines comerciales o publicitarios, distintos de los estrictamente permitidos.<br> \u2022 Cualquier intento de obtener los Contenidos por cualquier medio distinto de los que ponemos a tu disposici\u00f3n o de los usos habituales en Internet y en ese caso siempre que ello no ocasione ning\u00fan perjuicio a \u201cla empresa\u201d.<\/p>\n\n\n\n<p><strong>3.- Modificaci\u00f3n\nunilateral<\/strong><\/p>\n\n\n\n<p>Te advertimos que en el deseo de mejorar tu\nexperiencia de usuario, es posible que modifiquemos, sin previo aviso, la estructura\ny dise\u00f1o del Portal y los contenidos.<\/p>\n\n\n\n<p>Asimismo te comunicamos que \u201cla empresa\u201d,\nen cualquier momento, podr\u00e1 modificar estas Condiciones Generales, o en su caso\nlas Condiciones Particulares, de lo que te informaremos a trav\u00e9s del\ncorrespondiente aviso. Por ello, recuerda consultar, peri\u00f3dicamente, unas y\notras.<\/p>\n\n\n\n<p>Las modificaciones, en cualquier caso, no\naplicar\u00e1n con car\u00e1cter retroactivo.<\/p>\n\n\n\n<p><strong>4.- Uso de enlaces<\/strong><\/p>\n\n\n\n<p><strong>4.1. Enlaces utilizados\npor \u201cla empresa\u201d en el Portal<\/strong><\/p>\n\n\n\n<p>En el Portal podr\u00e1s encontrar enlaces desde\nlos cuales puedes acceder a otros sitios web gestionados y controlados por \u201cla\nempresa\u201d. Dichos enlaces tienen la \u00fanica funci\u00f3n de facilitarte la b\u00fasqueda de\ninformaci\u00f3n, contenidos en p\u00e1gina. El uso o acceso que lleves a cabo a trav\u00e9s\nde dichos enlaces es una decisi\u00f3n \u00fanica y exclusivamente tuya.<\/p>\n\n\n\n<p>Por favor ten presente que \u201cla empresa\u201d no\ncomercializa con los datos, manifestados por&nbsp;\nmedio de la web.<\/p>\n\n\n\n<p><strong>4.2. Enlaces al Portal\npor parte de terceros<\/strong><\/p>\n\n\n\n<p>No se realiza enlaces a terceros.<\/p>\n\n\n\n<p><strong>5.- Pol\u00edtica de privacidad y cookies de \u201cla empresa\u201d.<\/strong> Puedes consultar la pol\u00edtica de privacidad&nbsp;y cookies de \u201cla empresa\u201d aplicable al uso que hagas del Portal y\/o los servicios aqu\u00ed: <\/p>\n\n\n\n<p>\u2022 Pol\u00edtica de privacidad <br>\u2022 Pol\u00edtica de cookies <\/p>\n\n\n\n<p><strong>6.- Responsabilidad del\nusuario por da\u00f1os y perjuicios<\/strong><\/p>\n\n\n\n<p>El uso que hagas del Portal se realizar\u00e1\nbajo tu exclusiva responsabilidad como usuario, quedando exonerado,\nexpresamente, \u201cla empresa\u201d de los da\u00f1os y\/o perjuicios que se causaren al\nusuario o a terceros por un uso contrario a lo establecido en estas Condiciones\nGenerales y otras que fueran de aplicaci\u00f3n. Esta responsabilidad se extender\u00e1\nal uso, que t\u00fa o cualquier tercero realic\u00e9is de las credenciales de acceso o\nsimilares, en su caso, asignadas para el acceso al Portal.<\/p>\n\n\n\n<p>Es importante que sepas que si incumples\nestas Condiciones Generales o las Condiciones Particulares que te sean de\naplicaci\u00f3n, podremos denegarte el acceso nuestros servicios y contenidos sin\nnecesidad de aviso previo.<\/p>\n\n\n\n<p><strong>7.- Exclusi\u00f3n de garant\u00edas y responsabilidad<\/strong> \u201cLa empresa\u201d te proporciona el acceso al Portal, sus Contenidos con un nivel de competencia y diligencia razonable, y esperamos que puedas disfrutar con su uso, y si quieres, cont\u00e1rnoslo. No obstante, no podemos ofrecerte garant\u00edas ni hacernos responsables, en ning\u00fan caso, de los da\u00f1os y perjuicios de cualquier naturaleza que pudieran derivarse de: <\/p>\n\n\n\n<p>\u2022 La falta de disponibilidad, mantenimiento y efectivo funcionamiento del Portal y\/o Contenidos.<br>\u2022 La falta de utilidad, adecuaci\u00f3n o validez para satisfacer las necesidades, actividades, resultados concretos o expectativas que pudieras tener.<br>\u2022 La existencia de virus, programas maliciosos o lesivos en los Contenidos y\/o Servicios prestados a trav\u00e9s del Portal que puedan producir alteraciones en tu sistema inform\u00e1tico (software y hardware) o en los documentos electr\u00f3nicos y ficheros que puedas almacenar.<br>\u2022 La recepci\u00f3n, obtenci\u00f3n, almacenamiento, difusi\u00f3n o transmisi\u00f3n, por tu parte, de los Contenidos y la infracci\u00f3n de los derechos de propiedad intelectual, dise\u00f1os y\/o marcas, honor, intimidad personal y familiar, protecci\u00f3n de datos, imagen, propiedad o cualquier derecho de terceros a consecuencia de ello.<br>\u2022 El uso il\u00edcito, negligente, fraudulento, contrario a las presentes Condiciones Generales, a la buena fe, a los usos generalmente aceptados o al orden p\u00fablico, del Portal, sus Contenidos, por tu parte.<br>\u2022 La falta de licitud, calidad, fiabilidad, utilidad, actualizaci\u00f3n y disponibilidad de los servicios prestados por terceros y puestos a tu disposici\u00f3n en el Portal.<br>\u2022 Las opiniones que pudieras expresar en los foros, blogs, chat y mensajes de opini\u00f3n que pudieran habilitarse en las distintas zonas del Portal o en su caso, opiniones que puedan verterse por terceros ajenos a \u201cla empresa\u201d.<br>\u2022 El conocimiento que puedan tener terceros no autorizados de la clase, condiciones, caracter\u00edsticas y circunstancias del uso que los usuarios hac\u00e9is del Portal sus Contenidos y\/o de los Servicios.<br>\u2022 Las posibles discrepancias que, con car\u00e1cter transitorio, puedan surgir entre la versi\u00f3n de los Contenidos que imprimas y la versi\u00f3n electr\u00f3nica de los mismos publicados en nuestro Portal.<\/p>\n\n\n\n<p><strong>8.- Duraci\u00f3n<\/strong><\/p>\n\n\n\n<p>El Portal ser\u00e1 accesible con car\u00e1cter\nindefinido, si bien podremos interrumpir, suspender o terminar su prestaci\u00f3n\npor diferentes razones de las que te avisaremos, y entre ellas por un uso\ninadecuado por tu parte o contrario en su caso a este Aviso Legal.<\/p>\n\n\n\n<p><strong>9.- Propiedad\nIntelectual<\/strong><\/p>\n\n\n\n<p>Todas las marcas, nombres comerciales o\nsignos distintivos de cualquier clase que aparecen en el Portal (\u201cMarcas\u201d) son\npropiedad de \u201cla empresa\u201d, sin que pueda entenderse que el uso o acceso al\nPortal y\/o a los Servicios te atribuyan derecho alguno sobre las citadas\nMarcas. Las Marcas est\u00e1n sujetas a la legislaci\u00f3n aplicable en materia de\npropiedad intelectual e industrial, quedando prohibida su reproducci\u00f3n o uso\nsin la autorizaci\u00f3n de su titular.<\/p>\n\n\n\n<p>Todos los Contenidos, incluido el propio\nPortal, son propiedad intelectual de \u201cla empresa\u201d, por lo que en ning\u00fan caso se\npuede entender que en virtud de lo establecido en este Aviso Legal se te hayan\ncedido, ninguno de los derechos de explotaci\u00f3n que existen o puedan existir\nsobre los Contenidos m\u00e1s all\u00e1 de lo estrictamente necesario para el correcto\nuso del Portal y de los Servicios.<\/p>\n\n\n\n<p>En caso de que consideres que se ha producido una violaci\u00f3n de tus leg\u00edtimos derechos por la introducci\u00f3n de un determinado contenido en el Portal, deber\u00e1s notificar dicha circunstancia a \u201cla empresa\u201d indicando:<\/p>\n\n\n\n<p>\u2022 Tus datos personales. Si la reclamaci\u00f3n la presenta un tercero distinto del interesado, deber\u00e1 indicar la representaci\u00f3n con la que act\u00faa.<br>\u2022 Indicaci\u00f3n de los Contenidos protegidos por los derechos de propiedad industrial o intelectual y su ubicaci\u00f3n en el Portal (indicando el enlace URL).<br>\u2022 Acreditaci\u00f3n de los citados derechos de propiedad industrial o intelectual.<br>\u2022 Declaraci\u00f3n expresa en la que el interesado se responsabiliza de la veracidad de las informaciones facilitadas en la notificaci\u00f3n.<\/p>\n\n\n\n<p>Cualquier cita o referencia a derechos de propiedad intelectual o industrial de terceros incluida en el Portal, implica el reconocimiento por parte de \u201cla empresa\u201d de los correspondientes derechos de propiedad industrial e intelectual a favor de su titular.<\/p>\n\n\n\n<p>Como \u00fanico titular de los derechos de propiedad intelectual del Portal, corresponde a \u201cla empresa\u201d el ejercicio exclusivo de los derechos derivados del mismo, y en consecuencia, es el \u00fanico que puede autorizar cualquier actividad derivada de los derechos de explotaci\u00f3n, y en particular, los derechos de reproducci\u00f3n, comunicaci\u00f3n p\u00fablica, distribuci\u00f3n, puesta a disposici\u00f3n del p\u00fablico o el derecho de transformaci\u00f3n, en cualquiera que sea el formato utilizado.<\/p>\n\n\n\n<p><strong>10.- Accesibilidad<\/strong><\/p>\n\n\n\n<p>Alineado con nuestra cultura y principios como empresa, deseamos que todas las personas, con independencia de su condici\u00f3n, capacidades o equipamiento tecnol\u00f3gico puedan acceder al Portal, sus Contenidos y\/o los Servicios, para lo cual desde \u201cla empresa\u201d hemos adoptado una serie de medidas que esperamos puedan contribuir a ello:<\/p>\n\n\n\n<p>\u2022 Programaci\u00f3n del sitio siguiendo la recomendaci\u00f3n sobre las Hojas de Estilo.<br>\u2022 Uso de diferentes lenguas<br>\u2022 Orden l\u00f3gico de presentaci\u00f3n de los elementos en pantalla.<br>\u2022 Texto alternativo en las im\u00e1genes.<\/p>\n\n\n\n<p><strong>11.- Legislaci\u00f3n\naplicable y jurisdicci\u00f3n<\/strong><\/p>\n\n\n\n<p>Las leyes de Espa\u00f1a se aplicar\u00e1n a cualquier litigio o conflicto que se derive de estas condiciones o del uso del Portal, sus Contenidos o sus Servicios, o que est\u00e9 relacionado con los mismos, sin que tengan efecto las disposiciones sobre conflictos de leyes que pudieran ser de aplicaci\u00f3n. Tanto \u201cla empresa\u201d como t\u00fa acept\u00e1is someteros a la jurisdicci\u00f3n exclusiva de los tribunales de tu domicilio, siempre que se encuentre en Espa\u00f1a, para solucionar las reclamaciones derivadas de estas Condiciones Generales, cualquiera de las Condiciones Particulares de los Servicios o relacionadas con los mismos. No obstante, si tu domicilio no se encuentra en Espa\u00f1a, tanto t\u00fa como \u201cla empresa\u201d acept\u00e1is someteros a la jurisdicci\u00f3n exclusiva de los tribunales de la Comunidad Valenciana. Asimismo, en los t\u00e9rminos de su C\u00f3digo \u00c9tico y\/o C\u00f3digo de Conducta, en caso de controversias relativas, protecci\u00f3n de datos y protecci\u00f3n de menores, tanto t\u00fa como \u201cla empresa\u201d podr\u00e9is acudir al sistema de resoluci\u00f3n extrajudicial de controversias. <\/p>\n\n\n\n<p>Para obtener m\u00e1s informaci\u00f3n sobre c\u00f3mo ponerte en contacto con \u201cla empresa\u201d, accede a la p\u00e1gina de contacto o al correo <a href=\"mailto:natucer@natucer.es\">natucer@natucer.es<\/a> <\/p>\n","protected":false},"excerpt":{"rendered":"<p>AVISO LEGAL Gracias por visitar nuestra web. Esperamos que disfrutes navegando por ella y conociendo el detalle de nuestros productos y servicios. Este aviso legal (en adelante, el &#8220;Aviso Legal&#8221;) regula el uso de nuestro portal de Internet (en adelante, el &#8220;Portal&#8221;). Te recomendamos que leas atentamente las presentes condiciones antes de que comiences con [&hellip;]<\/p>\n","protected":false},"author":1,"featured_media":0,"parent":0,"menu_order":0,"comment_status":"closed","ping_status":"closed","template":"avisosLegales.php","meta":{"footnotes":""},"class_list":["post-158","page","type-page","status-publish","hentry"],"yoast_head":"<!-- This site is optimized with the Yoast SEO plugin v27.2 - https:\/\/yoast.com\/product\/yoast-seo-wordpress\/ -->\n<title>AVISO LEGAL - Magazine<\/title>\n<meta name=\"robots\" content=\"index, follow, max-snippet:-1, max-image-preview:large, max-video-preview:-1\" \/>\n<link rel=\"canonical\" href=\"https:\/\/www.natucer.es\/magazine\/es\/aviso-legal\/\" \/>\n<meta property=\"og:locale\" content=\"en_US\" \/>\n<meta property=\"og:type\" content=\"article\" \/>\n<meta property=\"og:title\" content=\"AVISO LEGAL - Magazine\" \/>\n<meta property=\"og:description\" content=\"AVISO LEGAL Gracias por visitar nuestra web. Esperamos que disfrutes navegando por ella y conociendo el detalle de nuestros productos y servicios. Este aviso legal (en adelante, el &#8220;Aviso Legal&#8221;) regula el uso de nuestro portal de Internet (en adelante, el &#8220;Portal&#8221;). Te recomendamos que leas atentamente las presentes condiciones antes de que comiences con [&hellip;]\" \/>\n<meta property=\"og:url\" content=\"https:\/\/www.natucer.es\/magazine\/es\/aviso-legal\/\" \/>\n<meta property=\"og:site_name\" content=\"Magazine\" \/>\n<meta property=\"article:publisher\" content=\"https:\/\/www.facebook.com\/natucerceramica\" \/>\n<meta property=\"article:modified_time\" content=\"2020-12-01T15:41:06+00:00\" \/>\n<meta name=\"twitter:card\" content=\"summary_large_image\" \/>\n<meta name=\"twitter:site\" content=\"@natuceronda\" \/>\n<meta name=\"twitter:label1\" content=\"Est. reading time\" \/>\n\t<meta name=\"twitter:data1\" content=\"10 minutes\" \/>\n<script type=\"application\/ld+json\" class=\"yoast-schema-graph\">{\"@context\":\"https:\/\/schema.org\",\"@graph\":[{\"@type\":\"WebPage\",\"@id\":\"https:\/\/www.natucer.es\/magazine\/es\/aviso-legal\/\",\"url\":\"https:\/\/www.natucer.es\/magazine\/es\/aviso-legal\/\",\"name\":\"AVISO LEGAL - Magazine\",\"isPartOf\":{\"@id\":\"https:\/\/www.natucer.es\/magazine\/#website\"},\"datePublished\":\"2019-05-03T14:17:23+00:00\",\"dateModified\":\"2020-12-01T15:41:06+00:00\",\"breadcrumb\":{\"@id\":\"https:\/\/www.natucer.es\/magazine\/es\/aviso-legal\/#breadcrumb\"},\"inLanguage\":\"en-US\",\"potentialAction\":[{\"@type\":\"ReadAction\",\"target\":[\"https:\/\/www.natucer.es\/magazine\/es\/aviso-legal\/\"]}]},{\"@type\":\"BreadcrumbList\",\"@id\":\"https:\/\/www.natucer.es\/magazine\/es\/aviso-legal\/#breadcrumb\",\"itemListElement\":[{\"@type\":\"ListItem\",\"position\":1,\"name\":\"Portada\",\"item\":\"https:\/\/www.natucer.es\/magazine\/en\/\"},{\"@type\":\"ListItem\",\"position\":2,\"name\":\"AVISO LEGAL\"}]},{\"@type\":\"WebSite\",\"@id\":\"https:\/\/www.natucer.es\/magazine\/#website\",\"url\":\"https:\/\/www.natucer.es\/magazine\/\",\"name\":\"Magazine\",\"description\":\"Noticias, Tendencias y Novedades\",\"potentialAction\":[{\"@type\":\"SearchAction\",\"target\":{\"@type\":\"EntryPoint\",\"urlTemplate\":\"https:\/\/www.natucer.es\/magazine\/?s={search_term_string}\"},\"query-input\":{\"@type\":\"PropertyValueSpecification\",\"valueRequired\":true,\"valueName\":\"search_term_string\"}}],\"inLanguage\":\"en-US\"}]}<\/script>\n<!-- \/ Yoast SEO plugin. -->","yoast_head_json":{"title":"AVISO LEGAL - Magazine","robots":{"index":"index","follow":"follow","max-snippet":"max-snippet:-1","max-image-preview":"max-image-preview:large","max-video-preview":"max-video-preview:-1"},"canonical":"https:\/\/www.natucer.es\/magazine\/es\/aviso-legal\/","og_locale":"en_US","og_type":"article","og_title":"AVISO LEGAL - Magazine","og_description":"AVISO LEGAL Gracias por visitar nuestra web. Esperamos que disfrutes navegando por ella y conociendo el detalle de nuestros productos y servicios. Este aviso legal (en adelante, el &#8220;Aviso Legal&#8221;) regula el uso de nuestro portal de Internet (en adelante, el &#8220;Portal&#8221;). Te recomendamos que leas atentamente las presentes condiciones antes de que comiences con [&hellip;]","og_url":"https:\/\/www.natucer.es\/magazine\/es\/aviso-legal\/","og_site_name":"Magazine","article_publisher":"https:\/\/www.facebook.com\/natucerceramica","article_modified_time":"2020-12-01T15:41:06+00:00","twitter_card":"summary_large_image","twitter_site":"@natuceronda","twitter_misc":{"Est. reading time":"10 minutes"},"schema":{"@context":"https:\/\/schema.org","@graph":[{"@type":"WebPage","@id":"https:\/\/www.natucer.es\/magazine\/es\/aviso-legal\/","url":"https:\/\/www.natucer.es\/magazine\/es\/aviso-legal\/","name":"AVISO LEGAL - Magazine","isPartOf":{"@id":"https:\/\/www.natucer.es\/magazine\/#website"},"datePublished":"2019-05-03T14:17:23+00:00","dateModified":"2020-12-01T15:41:06+00:00","breadcrumb":{"@id":"https:\/\/www.natucer.es\/magazine\/es\/aviso-legal\/#breadcrumb"},"inLanguage":"en-US","potentialAction":[{"@type":"ReadAction","target":["https:\/\/www.natucer.es\/magazine\/es\/aviso-legal\/"]}]},{"@type":"BreadcrumbList","@id":"https:\/\/www.natucer.es\/magazine\/es\/aviso-legal\/#breadcrumb","itemListElement":[{"@type":"ListItem","position":1,"name":"Portada","item":"https:\/\/www.natucer.es\/magazine\/en\/"},{"@type":"ListItem","position":2,"name":"AVISO LEGAL"}]},{"@type":"WebSite","@id":"https:\/\/www.natucer.es\/magazine\/#website","url":"https:\/\/www.natucer.es\/magazine\/","name":"Magazine","description":"Noticias, Tendencias y Novedades","potentialAction":[{"@type":"SearchAction","target":{"@type":"EntryPoint","urlTemplate":"https:\/\/www.natucer.es\/magazine\/?s={search_term_string}"},"query-input":{"@type":"PropertyValueSpecification","valueRequired":true,"valueName":"search_term_string"}}],"inLanguage":"en-US"}]}},"_links":{"self":[{"href":"https:\/\/www.natucer.es\/magazine\/wp-json\/wp\/v2\/pages\/158","targetHints":{"allow":["GET"]}}],"collection":[{"href":"https:\/\/www.natucer.es\/magazine\/wp-json\/wp\/v2\/pages"}],"about":[{"href":"https:\/\/www.natucer.es\/magazine\/wp-json\/wp\/v2\/types\/page"}],"author":[{"embeddable":true,"href":"https:\/\/www.natucer.es\/magazine\/wp-json\/wp\/v2\/users\/1"}],"replies":[{"embeddable":true,"href":"https:\/\/www.natucer.es\/magazine\/wp-json\/wp\/v2\/comments?post=158"}],"version-history":[{"count":2,"href":"https:\/\/www.natucer.es\/magazine\/wp-json\/wp\/v2\/pages\/158\/revisions"}],"predecessor-version":[{"id":2138,"href":"https:\/\/www.natucer.es\/magazine\/wp-json\/wp\/v2\/pages\/158\/revisions\/2138"}],"wp:attachment":[{"href":"https:\/\/www.natucer.es\/magazine\/wp-json\/wp\/v2\/media?parent=158"}],"curies":[{"name":"wp","href":"https:\/\/api.w.org\/{rel}","templated":true}]}}